= g + 3*g + 20, 5*g = -4*d + 20. Suppose o = 5*q + 17, o + g*q + 1 = -q. Suppose -3*j + 3 = 0, 3*j + 30 = -o*l + 5*l. Is l a prime number?
True
Let i(n) = -n**3 + 6*n**2 - 3*n - 5. Let h be i(5). Suppose -5*o - s + 5972 = -801, 2706 = 2*o + 2*s. Suppose -o = -h*k - 30. Is k a prime number?
False
Let a(o) be the second derivative of o**7/504 - o**6/720 + 7*o**5/120 - 5*o**4/12 + 5*o. Let r(u) be the third derivative of a(u). Is r(5) prime?
True
Suppose 14*z - 28811 = 21491. Is z a composite number?
False
Suppose -2*g - 2*h + 6856 = 0, 4*g - 2*h + h - 13737 = 0. Is g a prime number?
True
Suppose -3*z - 3*l = -8*l + 3, -3*z - 21 = l. Suppose 4*o + x = 864, -1417 = -5*o + x - 328. Let c = o - z. Is c a composite number?
False
Let v be -1 - 1654*4/(-8). Is (v/21)/(1/3) a prime number?
False
Suppose 4*y - 4*v - 38 = -10, 0 = -y + 3*v + 15. Suppose 0 = y*w - 2*h - 68, 0 = -2*w + 7*w - 5*h - 105. Is w composite?
True
Suppose 2*a - 27 = -0*a + 5*y, 3 = -y. Suppose 3*p - 6*p - a = 0. Is 45 + 3 + p - -1 prime?
True
Let i be -3 + 0 - 86235/(-5). Suppose 4*c + 4908 = i. Is c/8*(-4)/(-6) prime?
True
Is ((-163146)/(-8))/(5/20) composite?
True
Let y(i) = -8239*i + 257. Is y(-8) composite?
False
Let b be 701552/208 - 4/(-26). Suppose -653 + b = 5*d. Let v = -75 + d. Is v a prime number?
False
Suppose 0 = -2*f - 4*t + 330, -4*f + 3*t + t + 660 = 0. Suppose -2*y + 2 = -6. Suppose -y*k + 1175 = -f. Is k composite?
True
Suppose 0 = 2*k - 3*k + 3. Is 1/(k + 580/(-194)) a prime number?
True
Is ((-2)/18)/((-11)/389103)*3 a prime number?
False
Let w(g) = -2*g**3 - 8*g**2 + 4*g - 3. Let n be w(-9). Let l = n + 232. Is l a prime number?
False
Let u = -505 + 908. Is u a composite number?
True
Let m(n) = -n**2 - 37*n + 37. Suppose -200 = 7*v - 11. Is m(v) composite?
False
Suppose 2*s + 26 = 5*w - 291, -s - 126 = -2*w. Let k = w + -2. Let x = k - 32. Is x composite?
False
Suppose -4*i = 3*z + 4 - 38, 4*i - 16 = -2*z. Let v(p) = z*p - 6 + 5 + 9*p - 1. Is v(3) composite?
False
Let g(w) = 228*w + 18. Let r be g(-11). Let y = -77 - r. Is y a composite number?
True
Let h(j) = 68*j**2 + 3*j - 28. Is h(-5) composite?
False
Let d(x) = 2435*x - 472. Is d(6) a prime number?
False
Let f = 3908 - -51. Is f prime?
False
Let d be 1 - 2*(-4362)/(-4). Let t be (-119665)/39 - (-1 + (-10)/(-6)). Let o = d - t. Is o composite?
True
Let y = -2721 + 4652. Is y a composite number?
False
Suppose -v + 4*c + 12966 = -11616, 0 = 2*v - c - 49199. Is v a prime number?
False
Let m(z) = -11*z - 16. Let y(k) = 34*k + 47. Let a(r) = r**3 + 5*r**2 + 6. Let f be a(-5). Let i(q) = f*y(q) + 17*m(q). Is i(7) a prime number?
False
Suppose -30*v + 230029 + 421781 = 0. Is v composite?
False
Suppose 8 = -3*v + 20. Is -5 + v + (0 - -1640) a prime number?
False
Is -699*1*88/(-24) composite?
True
Let i(k) = k - 19. Suppose -5*g = -0*g - 50. Let m be i(g). Let x = m - -136. Is x a prime number?
True
Suppose 0 = 4*t + 17 - 1, -5*t = 4*h. Suppose 2*u + h*z = 292, 0 = 4*u - 5*u - 3*z + 146. Suppose 0 = 5*y + u - 621. Is y a prime number?
False
Suppose v - 3*s - 23 = -8*s, -4*v - 3*s = -24. Suppose -171 + 642 = v*k. Is k a prime number?
True
Let h(r) = 0*r**2 - 5*r - 3 + 7*r**2 - 4 + 3*r**2. Let m(w) = 5*w + 7. Let j be m(-3). Is h(j) a composite number?
False
Let a(m) = -3*m - 3 + 7*m**2 + 6 + 6*m - 9. Is a(-4) a composite number?
True
Suppose 0 = 24*n - 19*n - 12055. Is n composite?
False
Let m(s) = -32*s + 1 + 88*s + 37*s. Is m(1) prime?
False
Let k = -7 + 11. Suppose 3*f = 4*f + k*z - 615, -f + 4*z + 647 = 0. Is f a composite number?
False
Suppose 320 = -2*d + 5*w + 10, d - 3*w + 157 = 0. Let b = -52 - d. Is b a prime number?
False
Suppose 4 - 28 = -6*q. Suppose -5*o - 1806 = -q*g, -4*o - 1355 = 2*g - 5*g. Is g a prime number?
True
Suppose -4*a + 21052 = -2*w, 2*a - 2*w + 3*w = 10518. Is a composite?
False
Let z(s) = s**2 - 14*s + 17. Let i be z(13). Suppose -f + 3*q + 141 = i, -4*f = -5*q - 534. Is f prime?
True
Let h(l) = 74*l - 5. Let a = -37 + 20. Let b = -13 - a. Is h(b) a composite number?
True
Let q = -6255 - -9410. Suppose 0 = -3*l + 8*l - q. Is l a composite number?
False
Let v(o) = -2*o - 15. Let z(q) = -3*q - 31. Let c(s) = 5*v(s) - 3*z(s). Let p be c(14). Suppose -5*r + 4838 = -f, -2*r + 1664 = p*f - 258. Is r a prime number?
True
Let s(h) be the second derivative of 353*h**3/6 + 6*h**2 + 13*h. Is s(2) a prime number?
False
Let j be ((-14)/(-7))/(1/(-89)). Let r = -93 - j. Suppose -m + 480 = -r. Is m prime?
False
Let s(h) = -11*h**2 - 2*h + 9. Let j be s(6). Let x = j + 882. Suppose 151 = 2*f - x. Is f composite?
False
Suppose 7*l - 45293 - 34976 = 0. Is l a prime number?
True
Let t = 2528 - 1555. Let a = t - -114. Is a a composite number?
False
Suppose -4*t = -7*t + 13305. Suppose -831 = 4*g - t. Is g prime?
False
Suppose -v + 34 = 4*j, 3 = 3*j - 2*j + 3*v. Let k = j + -14. Is ((-37)/(-2))/(k/(-10)) a prime number?
True
Let r = 2119 + 808. Is r prime?
True
Let g(a) = -8*a - 6. Let u be -8 - (6 - 2)*-1. Let q be g(u). Let j = 75 - q. Is j a composite number?
True
Let j(p) = 10*p**2 + 172*p - 19. Is j(23) composite?
False
Let r = 83 + -80. Let a(i) = 93*i**3 + i**2 - i + 4. Is a(r) composite?
False
Let i be ((-4)/(-8))/((0 + -1)/3914). Let r = i + 3878. Is r prime?
False
Let l be 2/(1 - 0 - 0). Suppose 0 = -l*k - 249 + 959. Is k a prime number?
False
Let n be (77*5)/(-11 + 12). Suppose 1619 + n = 4*x. Is x a prime number?
False
Suppose 77 = z + 4*b - b, 154 = 2*z + 5*b. Suppose z = l - 2*f, 7*f - 8*f = -5*l + 349. Is l a prime number?
False
Suppose -16678 = -5*d - 4*p, -4*d + 9*d - 16675 = -5*p. Is d a composite number?
True
Let u be 12/8 + (3/2 - 1). Is (159/2)/(((-5)/u)/(-5)) composite?
True
Let x(y) = y**3 + 5*y**2 - 4*y. Let p be x(-5). Suppose 25088 = -8*k + 40*k. Is k/p - 2/10 prime?
False
Let q be 3*(-6)/12*22. Let h(p) = p**2 - p + 54. Let u be h(0). Let g = q + u. Is g composite?
True
Let o(y) = y - 1. Let l be o(3). Suppose -2*g + 585 = -5*z + 6*z, 1176 = 2*z - l*g. Is z a composite number?
False
Is (30/(-21) + 2)/((-40)/(-1272740)) a composite number?
True
Suppose 2*u - 4242 = -4*r, 4*r - 5*u = 947 + 3260. Let x = r - 585. Is x a prime number?
False
Suppose 0 = -3*l + 4*h - 14, -l - h + 0 + 7 = 0. Suppose -2*c = -8, -l*j + 4*c = j + 22. Is ((-1)/2)/(j/1580) a prime number?
False
Suppose 4*b = 23 - 7. Let t be ((-693)/(-12))/3*b. Is (-2)/11 + 9793/t a prime number?
True
Suppose 5*x = w - 36179, -12*w + 3*x = -17*w + 181007. Is w composite?
True
Suppose -f + 2 = -3. Is (f - 2) + -5 + 253 composite?
False
Let g(v) = v**2 + 7*v + 3. Let l be g(-7). Suppose 5*n = -l*w + 1050, 307 = n - 3*w + 97. Let z = -104 + n. Is z prime?
False
Let d = -23946 + 65717. Is d prime?
True
Suppose -2*f + a + 40 = 2*f, -2*a - 25 = -3*f. Suppose -f = -w - 8. Is w*62*(-4)/(-12) composite?
True
Let q(i) = 4*i**3 + 0*i**3 - 16*i**2 + 16*i**2. Let j be q(-1). Is (-712)/(-6)*(-6)/j a composite number?
True
Let l(p) = 456*p - 7. Let v(h) = -2*h**2 + 19*h + 11. Let f be v(10). Is l(f) prime?
True
Let d(j) = j**2 + 3*j - 4. Let g be d(2). Suppose g*v = -5*v + 1958. Is v a prime number?
False
Is -1*4 - (-21564)/12 a composite number?
True
Let a(n) = 13*n**3 + 6*n**3 + 2 - 2*n - 8*n**3. Suppose -11*x + 10*x + 11 = -2*y, 0 = 3*x - 3*y - 18. Is a(x) a prime number?
True
Let g(j) = j + 38. Is g(11) composite?
True
Let f(n) = -49*n**3 + 3*n**2 + 3. Let j be f(-3). Let i = 2764 - j. Is i a composite number?
True
Let f(a) = -a**2 - 7*a - 2. Suppose -4 = -2*o, 4*i + 5*o + 5 + 9 = 0. Let x be f(i). Is 47/(1*x/20) prime?
False
Let n(h) = 1965*h**2 + 6*h + 5. Is n(4) a composite number?
False
Suppose 3*w - 9 = 2*r - 7*r, -5*r + 25 = -5*w. Suppose -r*k = -4*a - 981, 4*a = -4*k + 3*a + 1327. Is k composite?
False
Suppose 4*x - 4 = -0*x. Suppose -4*y + 17 = x. Suppose y*u = 8*u - 1036. Is u prime?
False
Let t = 113 + 107. Suppose -6*g + 86 = -t. Is g a prime number?
False
Suppose 4*s + 12235 = 4*w - 3533, 0 = 3*s - 3. Is w a prime number?
True
Let x = 618 - 97. Is x a composite number?
False
Suppose 0 = -5*h + 3*h - 5*q + 201, h - 108 = 5*q. Let j = 1108 + h. Is j prime?
False
Suppose -76 = -5*y - 11. Is ((-61)/1)/(y/(-26)) prime?
False
Let i(a) = 2*a + 8. Let y be i(-5). Let z(q) = -29*q**3 - q**2 + 2*q - 3. Is z(y) a composite number?
T